214. What is the hundreds digit of r?
1
Suppose 0 = 4*j + 2 - 362. Suppose 0*v + j = 2*v + 3*w, 45 = v + w. Suppose 2*s = 5*s - v. What is the tens digit of s?
1
What is the units digit of 104 + -5 - (1 - -4) - 5?
9
Let k be (-5)/((-15)/(-36))*1. Let v be (0 + k)*(-2)/4. What is the units digit of (-18)/(1*v/(-9))?
7
Let o be (-4 + -1)/(2/(-10)). Suppose 3*f + 3*c - 77 = o, -3*f + 112 = c. What is the tens digit of f?
3
Let d = -138 - -237. What is the units digit of d?
9
Let p(a) = -a + 11. Let b be p(6). Suppose -1 = -4*t - 5*c - b, 0 = -2*t - 4*c - 2. Let w(h) = -10*h + 1. What is the units digit of w(t)?
1
Let y = -35 - -42. Suppose -5*g + 2*n = y*n - 205, -3*n = 5*g - 195. What is the units digit of g?
6
Let u = -25 + 33. Let j(f) = 4*f - 8. What is the tens digit of j(u)?
2
Let p = 26 + -23. Suppose -4 = 5*b + 21, 0 = -5*m + p*b + 80. What is the units digit of m?
3
Let w(t) = 3*t**3 - t**2 + 20*t - 15. Let b(q) = -q**3 + q**2 - 10*q + 8. Let v(d) = 5*b(d) + 2*w(d). What is the hundreds digit of v(5)?
1
Let w(c) = c + 15*c + 5*c - 8. What is the hundreds digit of w(6)?
1
Suppose -22 + 1 = -7*t. Let y be (t + 1 - 2) + 43. Let w = y - 6. What is the units digit of w?
9
Let q(a) be the third derivative of 3*a**4 - 15*a**3/2 + 21*a**2 - 2*a. What is the tens digit of q(4)?
4
What is the thousands digit of (-68)/((-455)/221 - 2/(-1))?
1
Let l(s) = s**3 - 7*s**2 - 6*s - 2. Let v be l(7). Let n = 73 + v. Suppose 2*k - 129 = 5*z - n, -3*k + z = -137. What is the units digit of k?
5
Let t be ((-3)/15*138)/((-6)/15). Suppose -p + t = -4*u + u, p = -u + 61. What is the tens digit of p?
6
Let q = -3027 - -4364. Suppose -q = 9*o - 16*o. What is the hundreds digit of o?
1
Let h = 324 - -423. What is the tens digit of h?
4
Let f = 7801 - 5247. What is the hundreds digit of f?
5
Let t(b) = -b**3 - 2*b**2 + 2*b + 5. Let n(l) = 3*l - 13. Let s be n(2). What is the tens digit of t(s)?
3
Let f be 2/8 + (-571)/(-4). Let c = 24 + f. Suppose -v = 2*j - 0*j - 39, 0 = -3*v + 4*j + c. What is the units digit of v?
9
Let z = 1048 - 467. What is the hundreds digit of z?
5
What is the thousands digit of 11/(110/(-1460))*164/(-8)?
2
Let o be ((-330)/22)/(-1 - 0). What is the hundreds digit of (512/40)/(1/o)?
1
Let y(o) be the second derivative of o**5/20 + o**4/4 - 2*o**3/3 - 3*o**2 + 5*o. Let x be y(-4). Let c = 15 - x. What is the tens digit of c?
2
Let s(p) = 10*p + 1. Let l be s(1). Let m be (-12560)/(-110) + (-2)/l. Suppose -3*w - b = -4*b - m, -b = -3*w + 104. What is the tens digit of w?
3
Let t(x) = 865*x + 2. Let p be t(1). Suppose -393 = 3*a + p. What is the tens digit of ((-4)/5)/(8/a)?
4
Let r be 6/(-4)*(-2 + 6). Let s be r/(-12) + (-43)/(-2). Suppose 0*d + 2*d = s. What is the tens digit of d?
1
Let n(f) = -290*f - 6. Let i be n(-3). Suppose 0 = 3*h - i - 48. What is the tens digit of h?
0
Let b = -3 - -19. Suppose k - b = 5*k. Let d(v) = -v**2 - 8*v + 4. What is the units digit of d(k)?
0
What is the hundreds digit of 5/((4/(-44))/(5 - 22))?
9
Let q be ((-7)/(-14))/(2/132). Let x = q - 24. What is the units digit of x?
9
Let d(k) = -8*k + 10. Let g be d(1). What is the units digit of -4*(-602)/18 + g/9?
4
Let a be (-11)/(-3) + (-7)/(-21). Suppose a*y = -2*y + 138. What is the tens digit of y?
2
Let a = 58 - 93. Let q = a + 83. Suppose -q = -3*c + 72. What is the tens digit of c?
4
Let t = -472 - -968. What is the hundreds digit of t?
4
Let h(f) = f**3 + 11*f**2 - 11*f + 6. Let j be h(-12). Let v(g) = -g**3 - 6*g**2 - 4*g - 4. What is the units digit of v(j)?
0
Suppose 5*k - 10 = 0, -4*n + 2*k - 27 = 129. Let u be 3 + n/(-4)*-2. Let y = 68 + u. What is the tens digit of y?
5
What is the tens digit of (14383/(-38))/((-1)/2)?
5
Let y(o) = 2*o**2 + 20*o + 16. Let x be y(-9). What is the hundreds digit of 400/3 - (4/3)/x?
1
Suppose -3*n = -4*s + 3047, -5*s + 57 + 3749 = -n. What is the tens digit of s?
6
Let x(c) = 13*c + 156. What is the units digit of x(-6)?
8
Let f = -1182 + 1736. What is the tens digit of f?
5
Let w(l) = 358*l - 565. What is the thousands digit of w(9)?
2
Let d = 10008 - 6209. Suppose -510 = 13*i - d. What is the tens digit of i?
5
Suppose -275 = -5*z - 4*m, -5*m + 20 = -m. What is the tens digit of z?
5
Let i = -193 + 243. Suppose -4*v - 90 = -v. Let y = i + v. What is the tens digit of y?
2
Let f(g) = -g**2 + 13*g + 20. Let j be 1344/98 - 4/(-14). Let c be f(j). Suppose 4*x - d + c*d = 107, 5*x = -4*d + 145. What is the tens digit of x?
3
Let m = -41 + 40. What is the tens digit of 32/144 + 1418*m/(-18)?
7
Let s = 652 + -463. What is the tens digit of s?
8
Let z = -229 + 378. What is the tens digit of z?
4
Suppose -4*t = -20*t + 4448. What is the hundreds digit of t?
2
Suppose 2*y + 4 - 3 = -5*h, 5*h = y - 22. Suppose -5 = -4*u + y. What is the units digit of (-180)/(-48)*16/u?
0
Suppose 0 = -5*q - 13 - 2, 0 = l + 4*q + 12. Let g(z) be the third derivative of z**5/60 + 4*z**3/3 + 21*z**2. What is the units digit of g(l)?
8
Let g(u) = -2*u**3 - 10*u - 42. What is the tens digit of g(-3)?
4
Let y(g) = -g**3 - 10*g**2 - 9*g - 3. Let x be y(-9). Let d be (-1)/(0 - 2/(-12)). What is the units digit of (d + 1)*15/x?
5
Suppose 0 = 3*f + 3, 4*f + 14 = 3*q - 4*q. Let n(l) = l**2 + 6*l + 7. What is the tens digit of n(q)?
4
Suppose -6*d + 60 + 1500 = 0. What is the units digit of d?
0
Let a = 145 + -138. Let n(z) = z**3 + 3*z**2 - 3*z - 4. Let f be n(-3). Suppose a*u - f*u = 40. What is the units digit of u?
0
Let o(g) = -27*g - 9. Suppose -21 = -0*u + u + 3*f, -5*f - 25 = 0. What is the units digit of o(u)?
3
Let b be (0 + 28)/((-4)/2*-1). Suppose 0 = -b*r + 9*r + 775. What is the tens digit of r?
5
Suppose 3*s - 420 = 2*b, -9*b - 2*s - 1050 = -4*b. Let o = b - -451. What is the units digit of o?
1
Let n be 2 + 1 + 1/(1 + -2). Suppose 0 = -n*u + 4*u - 26. What is the units digit of u?
3
Let w = 10 + -13. Let z be 6/w - -1 - -2. What is the units digit of 10*(-1 - (-3 + z))?
0
Let j(p) = -p**3 + 2*p. Let b be j(-2). Let o be (2/(-2))/(b/(-16)). Suppose 0 = o*z + 22 - 106. What is the units digit of z?
1
Let l be -7 + (-3 - (-2 - 4)). Let n be (3/2)/((-3)/16). What is the tens digit of (l/n)/(3/60)?
1
Let a(n) = -n**3 - 8*n**2 + 10*n. Let r be a(-9). Let p be 7 + r/(9/3). What is the units digit of (-4)/(0 - p)*37?
7
Let n(b) = -b**2 + 4*b - 2. Let d be n(2). Let z(r) = r**2 - 2*r + 2. Let p be z(d). What is the tens digit of ((-4)/(-10))/(p/190)?
3
Suppose -297*y + 303*y - 10224 = 0. What is the tens digit of y?
0
Let j = 244 + 95. Suppose -4*l - k = j - 1000, 2*k - 160 = -l. What is the units digit of l?
6
Suppose -l - 3*l = 52. Let s = 44 + l. Let c = s - -21. What is the units digit of c?
2
Let m(u) = -20 + 0*u + 12 + 7*u - 34. What is the hundreds digit of m(23)?
1
Let m(f) = f**3 - 7*f**2 + 2*f + 16. What is the hundreds digit of m(9)?
1
Let z be ((-1)/(-2))/(1/14). Suppose -z*q + 2*q = 3*i - 33, -2*q + 24 = 3*i. Suppose 5*g - 31 = -4*h, 0 = -5*h + i*g - g + 5. What is the units digit of h?
4
Let f(j) = j**2 + 5*j - 8. Let a be f(-6). Let u(c) = 2*c**2 + 3*c + 2. Let x be u(a). What is the units digit of (-6)/x - (-360)/16?
1
Let r = -3203 + 5550. What is the hundreds digit of r?
3
Let w(x) = -236*x**3 + 4*x**2 + 7*x + 7. What is the thousands digit of w(-2)?
1
Let t(g) = 452*g**2 - 39*g + 83. What is the units digit of t(2)?
3
Suppose 3*w + 1 = -17. Let b be -4*((-15)/w - 3). Suppose -3*k - b*z - z + 21 = 0, -5*z = -k + 7. What is the units digit of k?
7
Let g(c) = 278*c**3 - c**2 + 1. What is the hundreds digit of g(1)?
2
Let o = 3769 + -2113. What is the units digit of o?
6
Suppose -a = 2*m - 5*a - 148, m = a + 71. Suppose m + 268 = 3*n. Suppose 5*w + 2*j - n = 0, w = 3*j - 5 + 24. What is the tens digit of w?
2
Let z be -3 - (0 - (-10)/(-2)). Suppose 0 = -m - 4*m + 35. Suppose z*u + 90 = m*u. What is the units digit of u?
8
Suppose 25 = 5*v + 5*u, 3*v - 3*u = v - 15. Suppose -2*d - 2*t = -164, -5*d + 416 = -v*t + 3*t. What is the units digit of d?
5
Let h(u) = 4*u**3 + 4*u**2 + 5*u + 10. What is the tens digit of h(6)?
4
Suppose 4*h + 2*h + 858 = 0. Let x = -102 - h. What is the units digit of x?
1
Let r(p) = p**2 - 2*p - 30. Let t be r(-12). What is the tens digit of (-8)/(-28) - t/(-7)?
2
Let c(k) = 24*k - 66. What is the units d